 when 360 is divided by s?
15
Suppose 0 = 15*u - 9*u. Suppose 0 = -u*p + 4*p - 32. What is the remainder when 65 is divided by 80/p - (-1)/2*2?
10
Let x(m) = 6*m**2 + 7*m - 11. Let t be x(2). Suppose 0 = p + 6*j - j - 17, 3*j = -2*p + t. Calculate the remainder when (-1 - (-204)/(-9))*-3 is divided by p.
11
Let f(b) = -b**3 + 14*b**2 - 10*b - 24. Let a be f(13). Suppose -104 = 19*d - a*d. Let c(k) = -k + 29. What is the remainder when c(d) is divided by 7?
6
Suppose 96*t - 189*t + 76*t = -94775. Calculate the remainder when t is divided by 169.
167
Suppose -2*f - d = -29, 2*f + 2*d - 21 - 3 = 0. What is the remainder when 1640 is divided by f?
8
Let f(d) = -d**3 - 41*d**2 - 359*d + 493. What is the remainder when f(-32) is divided by 17?
11
Let f = 65795 + -65183. Let w(h) = -27*h + 1. Calculate the remainder when f is divided by w(-1).
24
Let v(h) = -13*h + 767. What is the remainder when 299 is divided by v(48)?
13
Let w = 18522 + -18341. Calculate the remainder when 538 is divided by w.
176
Suppose 6 = -u - 2*z, -3*z = 2*u + 4 + 3. Suppose -4*k + 281 = 4*s + 21, 0 = u*k - 4*s - 260. Calculate the remainder when 323 is divided by k.
63
Suppose 722 = 14*d + 40*d - 2086. What is the remainder when 568 is divided by d?
48
Suppose 0 = 10321*j - 10318*j - 654. Calculate the remainder when j is divided by 213.
5
Let f = 23 + -7. Suppose 2*w - o = 60, 7*w + 5*o - 271 - 7 = 0. Calculate the remainder when w is divided by f/2 - (-2)/1.
4
Suppose 84*q + 86*q - 191641 = 100589. Calculate the remainder when q is divided by 51.
36
Let o(m) = 32*m**2 + 291*m + 32. Let n be (0 - 3)*(-7 - -6). Suppose -96 = -4*p + 4*a, -3*p + 72 = -2*a - n*a. What is the remainder when p is divided by o(-9)?
4
Suppose 4*g = 3*r + 20, -4*r - g - 5 = -10. What is the remainder when (2 - r)*1 - (2 + -121) is divided by 33?
22
Let m(w) = -w**3 - 7*w**2 + 5*w + 10. Let h(q) = 41 + 9*q**2 - 41. Calculate the remainder when m(-8) is divided by h(-1).
7
Let o(b) = -2*b**3 + 5*b**2 - b - 5. Let d be o(2). Calculate the remainder when 64 is divided by (708/(-24) + -11)*2/d.
10
Suppose 0 = -3*m + 5*c + 20, 4*c - 2*c = -4*m + 44. Suppose -27 = -m*u + 13. Suppose -2*g = u*g - 294. Calculate the remainder when g is divided by 25.
24
Suppose 0 = -27*g - g + 5404. Let f = g - 56. Calculate the remainder when f is divided by 11.
5
Let b(k) = k**3 + 7*k**2 + 2*k - 2. Suppose -2*r - 143 = -173. Calculate the remainder when b(-5) is divided by r.
8
Suppose -73 = 6*s + 1733. Let b = s + 340. Calculate the remainder when b is divided by 16.
7
Suppose -106*p - 92*p + 24156 = 0. What is the remainder when 854 is divided by p?
0
Suppose 4*y + 4*k = k + 74, -y + 14*k - 70 = 0. What is the remainder when 219 is divided by y?
9
Suppose 16*z = -15*z + 14*z. Let x(k) = k**3 + 3*k**2 + k + 418. What is the remainder when x(z) is divided by 35?
33
Let b be 3 + 6/12 + (-2)/4. Suppose -3*s + 4*l + 736 = 0, b*s - 409 = -3*l + 341. Calculate the remainder when s is divided by 25.
23
Suppose 7*v - 18 = 16*v. Let p(m) = -m**3 - 8*m**2 - 3*m - 7. What is the remainder when (5/v - -1)/((-9)/198) is divided by p(-8)?
16
Let x(g) = -g**2 + 38*g - 326. Calculate the remainder when 2508 is divided by x(24).
8
Let p be ((-18)/8)/((-24)/64). Suppose -2397 = -p*m - 381. Calculate the remainder when 208 is divided by (m/12)/((-2)/(-3)).
40
Let x = 142 + -10. Let b = -26740 + 26770. What is the remainder when x is divided by b?
12
Suppose 4*q - q = -6. Let t be 2737/68 - q/(-8). Suppose -t - 32 = -6*d. Calculate the remainder when 31 is divided by d.
7
Suppose -44*b - 66 = -46*b + 4*v, v + 174 = 5*b. Calculate the remainder when 64 is divided by b.
29
Let u = -117 + 190. Calculate the remainder when (6/(-16)*-36)/(-3 - (-131)/26 - 2) is divided by u.
59
Suppose -3*z + 5*h = 123 - 478, -4*z - 5*h = -275. Suppose -5*p - a = -0*p - 159, 0 = 2*p + a - 66. What is the remainder when z is divided by p?
28
Suppose -3*z - 4*w + 2098 = -6*w, -z + 5*w = -682. Suppose 1402 = 10*b + z. Calculate the remainder when 346 is divided by b.
66
Let w(t) = -14*t**2 - 45*t - 104. Let n(i) = 5*i**2 + 15*i + 36. Let k(r) = 11*n(r) + 4*w(r). What is the remainder when 524 is divided by k(-12)?
12
Suppose -278 = -4*q + 2*l, -4*q + 19*l = 23*l - 260. What is the remainder when 4010 is divided by q?
66
Suppose 21*t = 50*t - 25*t - 292. What is the remainder when 579 is divided by t?
68
Calculate the remainder when 241 is divided by ((-6)/8 + 4/16)/((-28)/2744).
45
Suppose p + 4*b - 237 = 0, 6*p = -2*b + 975 + 381. Suppose -5*k + 4*a = -303, 0 = -4*a - 8. What is the remainder when p is divided by k?
48
Let n(l) be the third derivative of -l**4/12 + 2*l**3 - 8*l**2. Let x be n(5). Calculate the remainder when 82 is divided by (0 + (-42)/(-9))/(x/6).
12
Let i(m) = m - 8. Let a be i(-8). Let x = 18 - a. Let l = 45 - x. Calculate the remainder when 28 is divided by l.
6
Suppose 0 = 115*b - 138*b + 59883 + 210988. What is the remainder when b is divided by 6?
5
What is the remainder when 2942 is divided by 103 - (456/19 - 16)?
92
Let x = 82 - -4. Let f = 129 + -119. What is the remainder when x is divided by f?
6
Let k(x) = 8*x - 27. Suppose 5 = -o + 8. Let h be (42/9)/(2/o). Calculate the remainder when 84 is divided by k(h).
26
Suppose 0 = 19*i - 17*i - 574. Let r = 1766 - 1754. Calculate the remainder when i is divided by r.
11
Let y(i) = -154*i - 910. Suppose 208 = 5*n - n. What is the remainder when n is divided by y(-6)?
10
Suppose 4*z = z + 6. Let d = 779 + -614. Suppose -z*n + 2*a + 95 = n, 5*n - 5*a - d = 0. Calculate the remainder when n is divided by 11.
7
Let o be 1*11*9/27*-3. Let w(y) = 22*y + 247. Calculate the remainder when 143 is divided by w(o).
3
Let g be 20/25*(-360)/(-16). Suppose 2*u - 5*j = g + 3, 4*u = -3*j + 55. What is the remainder when 531 is divided by u?
11
Suppose -2*z + g + 183 = 2*g, -386 = -4*z + 2*g. Let n = -73 + z. Calculate the remainder when n is divided by 8.
5
Let d = 37 + 16. Suppose -3*w - 2*l - 3 = -17, -4*w - 5*l = -28. Suppose -w*z - 30 = -4*z. Calculate the remainder when d is divided by z.
8
Let q be (54/45)/((-2)/460). Let a = q - 40. What is the remainder when 1*a/(-7 - -3) is divided by 5?
4
Let r be (8/(-7))/((-4)/(-28)*-1). Suppose -r*j - 2*q = -13*j + 629, -5*q - 620 = -5*j. Calculate the remainder when j is divided by 8.
7
Suppose -23*i - 12 = -24*i. Let j be (17/4)/((-23)/i - -2). Let b = j - 36. Calculate the remainder when b is divided by 8.
7
Let j = 2953 + -2044. Suppose 0*c = -5*c + l - j, 5*c - 2*l + 908 = 0. Calculate the remainder when ((-6)/6)/(((-2)/c)/(-1)) is divided by 32.
27
Suppose z = 3*a + 15, 0*a + 20 = 4*z - 2*a. Let m(s) = -20*s + 179. Calculate the remainder when m(8) is divided by z.
1
Suppose 24*q + 535 = 3031. Let o = q - 73. Calculate the remainder when 246 is divided by o.
29
Calculate the remainder when 576 is divided by ((-34)/(-14))/((-35)/(-490)).
32
Let u(m) = -137*m + 469. Calculate the remainder when u(1) is divided by 144.
44
Let s = -17705 - -18183. What is the remainder when s is divided by 52?
10
Let k(x) = 4*x**2 + 15*x - 10. Let d be k(-19). Suppose -16*q + d = -35. Calculate the remainder when q is divided by 17.
6
Let k = 154 + -85. Suppose 0 = -74*g + k*g + 130. Calculate the remainder when 85 is divided by g.
7
Let t = 170 + -112. Let h = 61 - t. Let c(w) = -59*w - 47. What is the remainder when c(-1) is divided by h?
0
Suppose -8*f + 540 = 10*v - 6*v, 0 = -2*f + v + 129. Calculate the remainder when 178 is divided by f.
46
Suppose 35*l + 39*l - 28*l - 113942 = 0. What is the remainder when l is divided by 21?
20
Suppose -147 = 5*y + 213. Let i = y + 85. Calculate the remainder when 101 is divided by i.
10
Let g = 1124 + -1119. Suppose 0*n + 96 = 4*n. Calculate the remainder when n is divided by g.
4
Let g(v) = 5*v + 7. Suppose -3*u - 9 = i, -i + 5*i + 4*u = -4. Calculate the remainder when g(3) is divided by (i - (-25)/15)*18/7.
10
Suppose -4*n + 85 = 49. What is the remainder when (-1)/(4/(-138))*2 is divided by n?
6
Suppose v + 2*q + 2*q + 2 = 0, -3*v = -q - 46. Suppose 11*o = x + v*o - 487, 5*x + o = 2449. What is the remainder when x is divided by 99?
94
Let f(q) = 4*q**3 - 66*q**2 + 6*q + 28. Let n(o) = 2. Let w(s) = -f(s) + 5*n(s). What is the